{"id":10,"date":"2021-01-01T14:03:54","date_gmt":"2021-01-01T14:03:54","guid":{"rendered":"http:\/\/www.suleymanyucetas.com\/?page_id=10"},"modified":"2021-01-01T22:35:25","modified_gmt":"2021-01-01T22:35:25","slug":"ana-sayfa","status":"publish","type":"page","link":"http:\/\/www.suleymanyucetas.com\/","title":{"rendered":"Ana sayfa"},"content":{"rendered":"\t\t<div data-elementor-type=\"wp-page\" data-elementor-id=\"10\" class=\"elementor elementor-10\" data-elementor-settings=\"[]\">\n\t\t\t\t\t\t<div class=\"elementor-inner\">\n\t\t\t\t\t\t\t<div class=\"elementor-section-wrap\">\n\t\t\t\t\t\t\t<section class=\"elementor-section elementor-top-section elementor-element elementor-element-88cca12 elementor-section-boxed elementor-section-height-default elementor-section-height-default\" data-id=\"88cca12\" data-element_type=\"section\">\n\t\t\t\t\t\t<div class=\"elementor-container elementor-column-gap-default\">\n\t\t\t\t\t\t\t<div class=\"elementor-row\">\n\t\t\t\t\t<div class=\"elementor-column elementor-col-100 elementor-top-column elementor-element elementor-element-a04f443\" data-id=\"a04f443\" data-element_type=\"column\">\n\t\t\t<div class=\"elementor-column-wrap elementor-element-populated\">\n\t\t\t\t\t\t\t<div class=\"elementor-widget-wrap\">\n\t\t\t\t\t\t<div class=\"elementor-element elementor-element-c461a1d elementor-widget elementor-widget-heading\" data-id=\"c461a1d\" data-element_type=\"widget\" data-widget_type=\"heading.default\">\n\t\t\t\t<div class=\"elementor-widget-container\">\n\t\t\t<h2 class=\"elementor-heading-title elementor-size-default\">BEN S\u00dcLEYMAN Y\u00dcCETA\u015e<\/h2>\t\t<\/div>\n\t\t\t\t<\/div>\n\t\t\t\t\t\t<\/div>\n\t\t\t\t\t<\/div>\n\t\t<\/div>\n\t\t\t\t\t\t\t\t<\/div>\n\t\t\t\t\t<\/div>\n\t\t<\/section>\n\t\t\t\t<section class=\"elementor-section elementor-top-section elementor-element elementor-element-908403e elementor-section-height-min-height elementor-section-boxed elementor-section-height-default elementor-section-items-middle\" data-id=\"908403e\" data-element_type=\"section\">\n\t\t\t\t\t\t<div class=\"elementor-container elementor-column-gap-default\">\n\t\t\t\t\t\t\t<div class=\"elementor-row\">\n\t\t\t\t\t<div class=\"elementor-column elementor-col-100 elementor-top-column elementor-element elementor-element-d0ffd50\" data-id=\"d0ffd50\" data-element_type=\"column\">\n\t\t\t<div class=\"elementor-column-wrap elementor-element-populated\">\n\t\t\t\t\t\t\t<div class=\"elementor-widget-wrap\">\n\t\t\t\t\t\t<div class=\"elementor-element elementor-element-d56eff2 elementor-widget elementor-widget-text-editor\" data-id=\"d56eff2\" data-element_type=\"widget\" data-widget_type=\"text-editor.default\">\n\t\t\t\t<div class=\"elementor-widget-container\">\n\t\t\t\t\t<div class=\"elementor-text-editor elementor-clearfix\"><p>&nbsp;Hayallerim i\u00e7in ya\u015f\u0131yorum. Hayallerim olmasa asla!<br>Her \u015fey ben bunu yapar\u0131m dedi\u011fim anda ba\u015flam\u0131\u015f. <br>Klasik Volkswagen T2 Westfalia hayallerim her ge\u00e7en g\u00fcn zorla\u015f\u0131rken, ilk arac\u0131m\u0131 satma karar\u0131 ile yola koyuldum. \u00dcniversite \u00f6\u011frencisi oldu\u011fum o g\u00fcnlerde kimileri&nbsp; i\u00e7in imkans\u0131z yapamazs\u0131n s\u00f6zleri aras\u0131nda yirmi bin tl ile yola koymu\u015ftum. \u0130lk y\u0131llar zor ve yorucu oldu ama tek destek\u00e7im \u015eaban ustam\u0131n s\u00f6zleri hala kulaklar\u0131mda \u2018sen yapars\u0131n evlat!\u2019. O zamanlar bana S\u00fcleyman Yapar diye lakapta tak\u0131ld\u0131. \u0130\u015fin sonunda \u2018 Her kes KONU\u015eUR! S\u00fcleyman YAPAR \u2018 slogan\u0131 ile ba\u015farm\u0131\u015ft\u0131m. Sevgi ile yapt\u0131\u011f\u0131m bu i\u015fi sizlerle payla\u015fmak i\u00e7in Youtube kanal\u0131 a\u00e7t\u0131m. \u0130lk kameram\u0131 ald\u0131m, aylar sonra bilgisayar\u0131m\u0131 alm\u0131\u015ft\u0131m. Yay\u0131n yapmaya ba\u015flad\u0131\u011f\u0131mda i\u015flerin bu kadar h\u0131zl\u0131 ilerleyece\u011fini bilemezdim ama her ana haz\u0131r olmaya \u00e7al\u0131\u015ft\u0131m. Bir ba\u015fka hayalim olan At\u00f6lyemi kendi imkanlar\u0131mla kurmaya \u00e7al\u0131\u015f\u0131rken, bir \u00e7ok hayalin i\u00e7inde kendimi buluyorum. Sevgi , Emek, Azimle y\u00fcr\u00fcmeye devam edece\u011fim ve Vizyonum Her Zaman Yapabildi\u011fimin en iyisi yapmak olacak\u2026 <br>Ger\u00e7ek bir hikaye canl\u0131 devam ediyor \u2026<\/p><\/div>\n\t\t\t\t<\/div>\n\t\t\t\t<\/div>\n\t\t\t\t\t\t<\/div>\n\t\t\t\t\t<\/div>\n\t\t<\/div>\n\t\t\t\t\t\t\t\t<\/div>\n\t\t\t\t\t<\/div>\n\t\t<\/section>\n\t\t\t\t\t\t<\/div>\n\t\t\t\t\t\t<\/div>\n\t\t\t\t\t<\/div>\n\t\t","protected":false},"excerpt":{"rendered":"<p>BEN S\u00dcLEYMAN Y\u00dcCETA\u015e &nbsp;Hayallerim i\u00e7in ya\u015f\u0131yorum. Hayallerim olmasa asla!Her \u015fey ben bunu yapar\u0131m dedi\u011fim anda ba\u015flam\u0131\u015f. Klasik Volkswagen T2 Westfalia hayallerim her ge\u00e7en g\u00fcn zorla\u015f\u0131rken, ilk arac\u0131m\u0131 satma karar\u0131 ile yola koyuldum. \u00dcniversite \u00f6\u011frencisi oldu\u011fum o g\u00fcnlerde kimileri&nbsp; i\u00e7in imkans\u0131z yapamazs\u0131n s\u00f6zleri aras\u0131nda yirmi bin tl ile yola koymu\u015ftum. \u0130lk [&hellip;]<\/p>\n","protected":false},"author":1,"featured_media":49,"parent":0,"menu_order":0,"comment_status":"closed","ping_status":"closed","template":"","meta":[],"_links":{"self":[{"href":"http:\/\/www.suleymanyucetas.com\/index.php?rest_route=\/wp\/v2\/pages\/10"}],"collection":[{"href":"http:\/\/www.suleymanyucetas.com\/index.php?rest_route=\/wp\/v2\/pages"}],"about":[{"href":"http:\/\/www.suleymanyucetas.com\/index.php?rest_route=\/wp\/v2\/types\/page"}],"author":[{"embeddable":true,"href":"http:\/\/www.suleymanyucetas.com\/index.php?rest_route=\/wp\/v2\/users\/1"}],"replies":[{"embeddable":true,"href":"http:\/\/www.suleymanyucetas.com\/index.php?rest_route=%2Fwp%2Fv2%2Fcomments&post=10"}],"version-history":[{"count":4,"href":"http:\/\/www.suleymanyucetas.com\/index.php?rest_route=\/wp\/v2\/pages\/10\/revisions"}],"predecessor-version":[{"id":48,"href":"http:\/\/www.suleymanyucetas.com\/index.php?rest_route=\/wp\/v2\/pages\/10\/revisions\/48"}],"wp:featuredmedia":[{"embeddable":true,"href":"http:\/\/www.suleymanyucetas.com\/index.php?rest_route=\/wp\/v2\/media\/49"}],"wp:attachment":[{"href":"http:\/\/www.suleymanyucetas.com\/index.php?rest_route=%2Fwp%2Fv2%2Fmedia&parent=10"}],"curies":[{"name":"wp","href":"https:\/\/api.w.org\/{rel}","templated":true}]}}